 = -153 + 157. Suppose 7 = -5*i + 27, -2*i + 1536 = q*s. What are the prime factors of s?
2, 191
Suppose 2*b - 625 = -3*p + 1677, 2*b = 4. What are the prime factors of p?
2, 383
Let l(c) = 13*c - 27. Let u be l(6). Let t = -47 + u. Suppose 6*g = t*g + 5*q + 78, 0 = g - q - 42. What are the prime factors of g?
2, 11
Let d = -533 - -546. Suppose -1381 = d*n - 17293. List the prime factors of n.
2, 3, 17
Let a be (102/(-85))/((-4)/10). Suppose 3*z + 5*u = 517, 509 = a*z + 4*u - 3*u. List the prime factors of z.
13
Let l be 12/(-4) + 2 + -224. Let a = 504 + l. List the prime factors of a.
3, 31
Let h = -17 - -34. Suppose 19 = 3*m - c, -h = -m - c - 4*c. Let t(s) = 4*s - 22. What are the prime factors of t(m)?
2, 3
Let g = 4154 + -1598. List the prime factors of g.
2, 3, 71
Suppose 24 = 4*u - m, -2*m + 1 - 4 = u. Suppose -14*n + u*n = -3375. What are the prime factors of n?
3, 5
Suppose h + 2 = -4*z, -2*h + 0*h = -z + 4. Suppose 73 = -z*u + u. Let x = 165 - u. What are the prime factors of x?
2, 23
Let z = -32611 + 59607. What are the prime factors of z?
2, 17, 397
Let z(h) = -6*h - 6*h**2 - 23 - h**3 + 14*h**2 + 18. Let r be 9/(-3) + -1 + 10. List the prime factors of z(r).
31
Let d = 1236 + -1239. Let f(u) be the first derivative of -7*u**4/4 + 2*u**3/3 + 7*u**2/2 + 4*u + 2. List the prime factors of f(d).
2, 5, 19
Suppose 6*v + 82 - 70 = 0. Let h(x) = -8*x**3 - 2*x**2 + x + 3 - 5 - 2*x. What are the prime factors of h(v)?
2, 7
Let r(v) = -v**2 + 6*v - 3. Let w be r(5). Let z be ((-268)/(-4))/(w + -1). Let k = z - 10. What are the prime factors of k?
3, 19
What are the prime factors of (-28)/(-12)*1604/6 - (-44)/198?
2, 3, 13
Let w = -6535 + 18731. What are the prime factors of w?
2, 3049
Let x be 6 + 0/4 - -681. Suppose 8*n - 5*n + m - 512 = 0, 4*n - 3*m - x = 0. What are the prime factors of n?
3, 19
Suppose -v - 2*a = -3*a - 210, 5*v - 1080 = -5*a. Suppose q = -3*i + v, -q - 3*i + 657 = 2*q. What are the prime factors of q?
2, 3, 37
Let r(k) = 5*k**2 - 5*k - 3. Let i be r(3). Let h be 2 + i/2 + (-11)/(-22). Suppose -15*a + h*a - 17 = 0. List the prime factors of a.
17
Let m = -732 - -406. Let z = 226 + m. What are the prime factors of ((-63)/(-5))/((-30)/z)?
2, 3, 7
Let y be (-5003)/13 - 10/65. Let g = y - -1261. Suppose 9*i - g = 6*i. What are the prime factors of i?
2, 73
Suppose 5*x = -3*f + 251, -4*x + x + 243 = 3*f. Let o = f + 479. List the prime factors of o.
2, 139
Let z = -12451 + 27700. What are the prime factors of z?
3, 13, 17, 23
Suppose 3*b + 2*b - 2*n = 21, n - 3 = -2*b. Let z(p) = 82*p**b + 62*p**3 + 166*p**3 - 3*p**2 - 1 + 3*p - 53*p**3. What are the prime factors of z(1)?
2
Suppose m - 3*x - 2*x = -71, -3*x + 377 = -5*m. Let q = m + 112. Suppose -4*f + 3*s = -352, 2*f - 142 = s + q. List the prime factors of f.
7, 13
Let h(v) = -v**3 + 18*v**2 + 7*v - 7. Let g be (6/21 - 966/(-49)) + -3. What are the prime factors of h(g)?
401
Let z = -538 + 753. Suppose 5*y - 17 + 5 = -g, 12 = 2*y + 4*g. Suppose -z = -y*j + 127. List the prime factors of j.
3, 19
Let a be 0/1*2/(-2). Suppose 980 = 51*i + 47*i. Suppose i = n - a. What are the prime factors of n?
2, 5
Suppose 0 = -78*g + 710593 + 236015. What are the prime factors of g?
2, 37, 41
Let y(a) = 4*a**3 + 3*a + 1 + 57*a**2 - 2*a - 56*a**2. List the prime factors of y(4).
277
Let w = 294 - -45. Suppose 0*m - w = -4*m - 5*u, -2*u + 170 = 2*m. Let g = m - -9. List the prime factors of g.
5, 19
List the prime factors of -16*6/((-288)/372).
2, 31
Let q(k) = k**3 - 11*k**2 + 9*k + 12. Let g = -69 + 79. Let h be q(g). Suppose -4*j = h*m - 302, -m - 3*m + 160 = 2*j. What are the prime factors of j?
2, 37
Let s(b) = b**2 - 3*b + 2. Let d be s(3). Suppose -86 + 24 = -d*a. Let j = a - -35. List the prime factors of j.
2, 3, 11
Let i(z) = 55*z**3 - 2*z**2 + 5*z + 9. Let l be i(-2). Let t = 303 - l. List the prime factors of t.
2, 47
Suppose -4*w - 5*l = -203023, 3*w = 4*l + 60214 + 92061. List the prime factors of w.
3, 7, 2417
Let w(n) = -21*n - 15. Let p be w(-11). Let c = p + 130. List the prime factors of c.
2, 173
Let l be 3*8/(-12)*45/(-18). Suppose f + f = l*h - 451, h - 2*f - 95 = 0. What are the prime factors of h?
89
List the prime factors of 2827 + (11 - (19 + -1)).
2, 3, 5, 47
Let g be 5/(-2) - (-35)/14. Suppose g = 258*b - 265*b + 259. What are the prime factors of b?
37
Let d = 178 + -163. Suppose -d*l + 16*l = 297. What are the prime factors of l?
3, 11
Let g = 136 - 142. What are the prime factors of (-3)/g*(-11330)/(-11)?
5, 103
Let z(r) = r**2 - 34*r + 125. Let x be z(27). Suppose 4*l = -5*b + 433, -305 - 158 = -4*l + 5*b. Let q = l + x. List the prime factors of q.
2, 3
Let o(k) = 477*k + 5. Let b be o(1). Let g be (1 + 0)/((-2)/(-16)). Suppose -406 = -g*l + b. What are the prime factors of l?
3, 37
Suppose -2*j + 190 = -0*j. Let u = 96 - j. What are the prime factors of (58/u)/((0 - 0) + 2)?
29
Let o = 101143 - 58799. List the prime factors of o.
2, 67, 79
Let o(q) = -q**3 - 4*q**2 - 10*q - 15. Let y be o(-6). Let c = y - 45. Suppose 0 = 2*j - 3*d - c, -2*j + 135 = 2*d + 53. List the prime factors of j.
3, 13
Let b = 92 - 88. Let t be 1 + (-1017)/b - 11/(-44). Let h = t + 415. List the prime factors of h.
2, 3
Let n = -25 - -30. Suppose 3*x + l - 10 = 0, -5*l = 5*x + n - 35. Suppose 2*u = 2*m - 192 + 62, -2*m = x*u - 146. List the prime factors of m.
3, 23
Let u(k) = 2*k**2 + 5*k + 7. Let b = -28 - -23. Let l be u(b). Suppose 0 = 4*t - l. What are the prime factors of t?
2
Let z = 2302 - 1091. Let q = z - 300. What are the prime factors of q?
911
Let j(p) = 76*p - 45. Let v be j(21). Suppose 0 = -16*x + 5*x + v. Suppose 20 = 5*r - 0*r, -i + x = 2*r. What are the prime factors of i?
7, 19
Suppose -12*n + 107 + 25 = 0. Let j(k) = k**3 - 9*k**2 + 11*k - 7. List the prime factors of j(n).
2, 89
Let m(c) be the second derivative of -341*c**5/20 - c**4/3 - 2*c**3/3 + c**2/2 + 86*c. List the prime factors of m(-1).
2, 3, 19
Let l(p) = p**3 - 2*p**2 + 2. Let y be l(3). Let d(k) = -k**3 + 11*k**2 + 7*k - 13. Let v be d(y). Suppose -a = -4 - v. What are the prime factors of a?
2, 17
Let k(m) = -824*m - 667. List the prime factors of k(-27).
7, 3083
What are the prime factors of (-12)/(-27) + (-114180556)/(-1449)?
2, 5, 197
Let b(x) = x**2 - 13*x - 1. Let g = 12 - 13. Let y be (g/(-1))/(-1) + (37 - 19). What are the prime factors of b(y)?
67
Suppose 0 = 3*t - 5*n - 76246 - 22407, 2*n + 164390 = 5*t. List the prime factors of t.
2, 8219
Let v = -17179 + 53583. List the prime factors of v.
2, 19, 479
Let w = 5199 - 4091. What are the prime factors of w?
2, 277
Let n be -3 + (8 + -53)*-5. Let d = 365 - n. List the prime factors of d.
11, 13
Let j = 23532 - 13683. What are the prime factors of j?
3, 7, 67
Suppose -2*d - 2*d - o + 156 = 0, 5*o = -2*d + 78. Suppose -p + 2*a = -126, 3*p = a + 344 + 19. Suppose -p - d = -f. What are the prime factors of f?
3, 53
Suppose 0 = 28*r - 27*r - 4. Suppose -r*a = 2*a - 12. Suppose -54 = -5*g + 4*v, a*v + 20 = -0*g + 2*g. What are the prime factors of g?
2, 7
Suppose 399*s + 11 = 388*s. List the prime factors of (3 + -4)/(s/23).
23
Suppose -1106 = 5*d - 2*x - 2*x, -2*d + 2*x = 442. Let j = d + 147. List the prime factors of (-592)/(-10)*j/(-30).
2, 37
Let d be ((-52)/(-8)*-1 + 1)*-2. Let l(c) = c**2 - 8*c - 35. Let n be l(d). List the prime factors of 367/2 - (-3 + (-9)/n).
2, 7, 13
Suppose 4*y - 2440 - 2120 = 0. Suppose y = -17*q + 23*q. List the prime factors of q.
2, 5, 19
Let q be 2939 + (104/(-8) - -7). Let j = 4159 - q. What are the prime factors of j?
2, 613
Let n(i) = -10*i**3 - 29*i**2 - 28*i + 33. What are the prime factors of n(-16)?
3, 17, 23, 29
Let z = 88 - 90. What are the prime factors of ((-2166)/12)/(9/z + 4)?
19
Suppose 2*o + 46 = 4*o. Let h be (-120)/(-8) + -4 + -1. Suppose -o = -a + h. What are the prime factors of a?
3, 11
What are the prime factors of (2491/2)/(10 + -2 + (-2275)/286)?
11, 47, 53
What are the prime factors of 4 - (-1 + 6927)/(16/(-47 - 1))?
2, 10391
Let v = 11423 + -4924. What are the prime factors of v?
67, 97
Let c(w) = 174*w - 64*w - 64*w - 133. What are the prime factors of c(12)?
419
Let t = 19677 + -8358. List the prime factors of t.
3, 7, 11
Let c = -3806 + 10018. List the prime factors of c.
2, 1553
